508 + 103 = 0, -g = 5*p - 211. Is g composite?
True
Let f(q) = 1442*q - 31. Is f(7) composite?
True
Is (1/5)/(30/1318650) prime?
False
Let p = -5375 + 9114. Is p prime?
True
Suppose 3*b - 3*g - 92187 = 0, 7*b + g = 10*b - 92191. Is b a prime number?
False
Let z(x) = -x**3 + 15*x**2 + 19*x + 34. Let r(f) = 8*f**2 + 9*f + 17. Let s(h) = -5*r(h) + 3*z(h). Is s(-7) a prime number?
False
Is -7 - (6 - 4 - 3118) prime?
True
Let c(n) = n**2 - 888. Let l be c(0). Suppose 14 = 22*j - 52. Is (-4)/(-2) - l/j a composite number?
True
Let y = 1207 + 402. Suppose -6340 = -4*x + h + 3*h, x + 5*h = y. Is x a composite number?
True
Suppose -2*s - s = -78. Let b = 297 + 312. Let d = s + b. Is d a composite number?
True
Let v be ((-5)/10)/(-1)*6. Suppose 0 = -2*i - 5*k + 199 + 780, -3*k + 1464 = v*i. Is i prime?
True
Suppose 3*z + 2*z = -3*b + 6407, -b - z + 2133 = 0. Is b prime?
True
Let i(t) = -t**3 - 9*t**2 + 8*t - 5. Suppose -4*b + 7*b - 5*v + 50 = 0, 3*b - 2*v + 38 = 0. Let l be i(b). Is l/6*370/25 composite?
False
Let j be 8 + (-1)/(4/12). Suppose j*g = 3*g. Suppose g = -5*t - 91 + 256. Is t a prime number?
False
Let u be (-12)/4*1 - -3. Let y(w) = -w**2 + 373. Let g be y(u). Let r = g + -80. Is r a prime number?
True
Let d = 285 + -161. Suppose 0 = 5*l - 2*k + 435, 5*l - 4*k + 435 = -3*k. Let q = l + d. Is q composite?
False
Let c = 349 + -345. Let y = 0 - 3. Is c/(340/(-116) - y) a composite number?
True
Is 785 - (-2 - 0 - 0) a prime number?
True
Let t be 1371 - ((-6)/(-15))/(3/30). Let n = -30 + t. Is n prime?
False
Let v(c) = -72*c + 8. Let w(l) = -18*l + 2. Let n(s) = -2*v(s) + 9*w(s). Let y be n(4). Is (-2 - y/4)*26 prime?
False
Suppose -r = -5*t - 27, -5*r + 2*t - 5*t = -23. Suppose -2*y = -r*y. Suppose y*f = 3*f - 21. Is f a prime number?
True
Suppose -q + 5*f = -20 - 9, -q - 3*f + 69 = 0. Suppose -6516 = b - 22458. Is 4/(-18) + b/q prime?
False
Suppose -3*p = 5*m + 1572, 4*m = -5*p - 936 - 1684. Is 3/5 + p/(-10) composite?
False
Suppose 3*x + x - 900 = 0. Suppose -3*v = 295 - 1525. Suppose -x - v = -5*k. Is k a prime number?
True
Let v(h) = -15*h**3 + h**2 - 3*h. Let m(o) = 16*o**3 + 4*o + 1. Let w(p) = 2*m(p) + 3*v(p). Let j be w(-3). Suppose j = 5*y + 118. Is y a composite number?
False
Let m = 5 + -11. Let n = m - -9. Suppose 0*x + 115 = l + n*x, -3*x = 2*l - 236. Is l a composite number?
True
Let f(w) = -w**3 + w**2 - 1. Let k(p) = 73*p**3 + 5*p**2 - p - 6. Let h(y) = 4*f(y) - k(y). Is h(-1) prime?
False
Let o(p) = 2*p**2 - 7. Let a(w) = 5*w**2 - 14. Let t(g) = 3*a(g) - 5*o(g). Let d be t(6). Let v = 288 - d. Is v prime?
False
Suppose 0 = 2*d + j + 40, -2*d = 3*d + 4*j + 97. Is (-40713)/d + 8/28 a prime number?
False
Suppose -40*t = -43*t. Let s(p) = -p + 34. Is s(t) a composite number?
True
Suppose -5*y - 366 = -3*h - h, 5*y + 277 = 3*h. Let n = -348 - -551. Suppose -h - n = -2*r. Is r composite?
True
Let d(s) = 2*s - 20. Let g be d(8). Is g/7 + 1 + 13832/196 a composite number?
False
Let j(q) = q - 7. Let y(s) = -5*s**3 - s**2. Let a be y(-1). Let u be j(a). Is -3 - (1 + -54 + u) prime?
True
Suppose 0 = 18*h - 15*h - 4083. Is h prime?
True
Is (9/6)/((-1)/(-4666)) a prime number?
False
Let x = -834 - -1741. Is x a composite number?
False
Let c(i) = 3*i**2 + 12*i - 10. Let d be c(-5). Suppose x = -5*r + 4039, d*r - 6505 = -2*x + 1583. Is x a composite number?
False
Suppose -2*y - 4 = 2*f - 3*f, 3*f = 12. Suppose -5*w + y = -10. Suppose -p + 393 = w*p. Is p composite?
False
Suppose 0 = -13*k + 7*k + 24. Suppose -b - 2*g = -97 - 848, k*b = 3*g + 3824. Is b composite?
False
Is 831804/180 - (-12)/(-90) a prime number?
True
Let n(g) = -685*g**3 - 2*g**2 + 7*g + 5. Is n(-3) prime?
True
Suppose 0*a = -3*b - a + 26, 8 = 4*b - 4*a. Let z(u) = 11*u**2 - 7*u + 9. Is z(b) a prime number?
True
Let k = -17132 + 40756. Suppose -k = 14*t - 22*t. Is t prime?
True
Let f(m) = -3800*m**3 - 4*m**2 - 4*m - 3. Is f(-1) a composite number?
False
Let l = -746 + 7905. Is l a prime number?
True
Let c = -1762 - -3008. Suppose -30 = -6*q - 0*q. Suppose -3*r + q*r = c. Is r prime?
False
Let q be ((-164)/(-2))/(5/10). Let d = q + 47. Is d a prime number?
True
Let s = 6 + 19. Suppose 4*r = -4*c + 1083 + 85, -5*c = -s. Is r a composite number?
True
Let h = 5239 - -1840. Is h composite?
False
Let n = 24 + -10. Let s = 19 - n. Suppose 0 = 5*d, 6*i - s*d = 2*i + 148. Is i composite?
False
Let u = 1436 - 643. Let z = 102 + u. Is z prime?
False
Let n = 2 - 0. Let u be (6/5)/(n/5). Suppose f = -u*y + 5*y - 141, 288 = 4*y - 4*f. Is y composite?
True
Let h(i) = -i**2 - 5*i + 3. Let g be h(-5). Let s be ((-10)/6)/((-1)/g). Suppose 5*x + 3*f - 787 = 0, 2*f - 855 + 72 = -s*x. Is x composite?
True
Let w(f) = -9249*f - 30. Let d be w(-3). Suppose -186*v - d = -189*v. Is v a prime number?
True
Let o(a) be the third derivative of 4*a**6/15 - a**5/30 + a**4/12 + a**3/3 + 3*a**2. Suppose -4*t = -u - 0 - 6, -4*u - 4*t + 16 = 0. Is o(u) a prime number?
False
Suppose 0 = 11*d + 12*d - 70403. Is d a prime number?
True
Let m = 140703 + -97996. Is m composite?
True
Let h(c) = -5185*c - 83. Is h(-8) a prime number?
False
Suppose 3*y - t - 1358 = -0*t, t = -y + 446. Is y prime?
False
Is (1 - 51378/(-4))/(8/16) prime?
False
Is 4*(-5)/120 + 46425/18 a composite number?
False
Let n be ((-99)/(-15))/((-12)/15)*-132. Suppose 2*u - 6*u = 3*f - 2133, -3*f = -2*u + n. Is u a prime number?
False
Suppose -2*y + 437 = -461. Suppose -2*z + 3*z = y. Is z composite?
False
Let a(h) = -6*h - 84. Let o be a(0). Let x = 1065 - o. Is x a prime number?
False
Let n(j) = j**2 - 23*j - 47. Let x be n(25). Suppose -x*h - h = -524. Is h composite?
False
Let c(m) = 2*m**3 + 4*m**2 + 6*m + 6. Let p be c(-2). Is 1/(-1) + (1554 - p) a composite number?
False
Let z be (-49)/(-7) + (-5)/1. Suppose 4*f - 5 = -21, 0 = -2*b + z*f + 582. Is b a composite number?
True
Let b(k) = 1155*k**2 + 3*k. Let p be b(-2). Suppose 0 = -3*f - 3*f + p. Is f a prime number?
True
Let w(r) = 2*r. Let a(m) = 6*m**2 + 9. Let o(c) = a(c) + 2*w(c). Let t be 4/3*(-1 + 4). Is o(t) a composite number?
True
Let c = 11330 + -7247. Is c a prime number?
False
Let g(v) = v**2 - v + 9. Let c(q) = -q**2 - 7*q - 10. Let o be c(-7). Let n be o/((-3)/(1 + -4)). Is g(n) composite?
True
Suppose 2*p + 3*t - 13540 = 0, -4*p = 2*t - 30607 + 3519. Is p a prime number?
False
Let p(o) = o**2 - 8*o + 22. Let q be p(6). Suppose 0 = 2*u - q - 2108. Is u prime?
False
Let y = 1399 + -2326. Let w = 1484 + y. Is w prime?
True
Let y(c) = 43*c**2 + 29*c - 49. Is y(-19) prime?
True
Let v = -17 - -22. Is 1/(v*(-1)/(-265)) composite?
False
Let s(f) = 1386*f - 109. Is s(20) a composite number?
False
Let a = 2984 + -5679. Is (-6)/(-8) - a/28 a composite number?
False
Suppose 0*v - 2 = -v. Suppose 3*y + 695 = -v*u, -u + 6*y = y + 380. Let q = 858 + u. Is q a composite number?
False
Let a = 29529 - -20504. Is a prime?
True
Suppose -5*o - 918 = 4*a, -5*a + 2*o = -3*o + 1170. Let u = 353 + a. Suppose 3*y - u - 38 = 0. Is y composite?
False
Suppose -3160 = -4*f + 2136. Let n be -6*-1*(-2)/(-4). Suppose 7*h = n*h + f. Is h a prime number?
True
Suppose -31*z + 4800 = -26*z. Let q = z + -145. Is q a composite number?
True
Let m(t) = 4*t**3 - t**2 + 1. Let h be (2 - (0 - -1))/1. Let w be m(h). Suppose -84 + 304 = w*u. Is u a prime number?
False
Suppose 4*k - 56125 = 41943. Is k composite?
False
Suppose -2 - 13 = -5*j. Suppose -j*g + 6 = -6. Is 0/g - (-4 - -1) composite?
False
Let b = -34 + 37. Is (2 + -4)/(b + 25066/(-8354)) a prime number?
True
Is 3*(-12)/63 + 47331/7 a composite number?
False
Is 54/351 + (-24633)/(-13) prime?
False
Is ((-121)/(-11))/11 - -6238 a composite number?
True
Let j(c) = 9*c**2 + 8*c + 1. Suppose -9 - 69 = 13*m. Is j(m) prime?
True
Let x(y) = -3*y - 3. Let k(u) = -u - 1. Let n(t) = 2*k(t) - x(t). Let r be n(2). Suppose -4*p + 148 = r*l - 3*p, 209 = 4*l - p. Is l composite?
True
Let z(i) = 29*i**2 - 4*i + 7. Let v(j) = -30*j**2 + 3*j - 6. Let w(r) = -3*v(r) - 2*z(r). Is w(-5) prime?
True
Let k be (-4)/18 - 76/(-18). Suppose -5*g + 487 = i, -1996 = -4*i - 0*g - k*g. Is i a composite number?
True
Let u = 14411 - -7266. Is u prime?
False
Suppose -y - 3 = 2, -5*y - 40 = -3*p. Suppose p*w - 4574 = 2231. Is w prime?
True
Suppose 3*r + 2*c = -3*c + 1114, -2*c = -3*r + 1121. Su